+ 10 = 4, -3*i - z + 48 = 0. Calculate the remainder when i is divided by d.
3
Let k(u) = u**3 + 14*u**2 + 4*u + 25. Calculate the remainder when k(-12) is divided by 38.
37
Suppose -z = 2*u - 101, -3*u - 513 = -5*z - 5*u. What is the remainder when z is divided by 52?
51
Let u(q) = -q**2 + 22*q + 4. Let t(g) = g + 3. Let s be t(17). Calculate the remainder when u(s) is divided by 12.
8
Let x(j) = -6*j + 16. Let l be x(-14). Suppose l - 22 = 2*q. What is the remainder when q is divided by 8?
7
Let g = 212 - 178. What is the remainder when g is divided by 18?
16
Let r = -48 - -54. Suppose -r*s + 81 = -105. Calculate the remainder when 59 is divided by s.
28
Calculate the remainder when 127 is divided by 336/((-128)/(-16)) + (-1 - -3).
39
Let j = 676 + -648. Calculate the remainder when 185 is divided by j.
17
Suppose 5*u + 253 = 2*q, -4*u + 351 = 3*q - 2*u. What is the remainder when q is divided by 15?
14
Suppose 3*s + 16 = 7*s. Suppose -s*p + 37 = -19. Let h = 17 - p. What is the remainder when h is divided by 2?
1
Calculate the remainder when ((-300)/35)/((-18)/84) is divided by 38.
2
Calculate the remainder when 1145 is divided by (46/12)/((-67)/(-402)).
18
Let j be (5/5*-6)/(-2). Calculate the remainder when 2 + (-15)/j + 73 is divided by 36.
34
Suppose 5*k - 138 = 5*a + 197, a = -2*k + 143. Suppose -f + k = -0*f + s, 2*s - 10 = 0. Let c = -49 - -71. Calculate the remainder when f is divided by c.
21
Let o(f) = f**3 + 6*f**2 + 4*f - 3. Let q be o(-5). Suppose 0 = 3*a + 6, -a = q*k + a - 118. Calculate the remainder when k is divided by 3 - (2/1 + -15).
13
Let i = -87 - -56. Let v = -8 - i. Calculate the remainder when v is divided by 12.
11
Let u = 210 + -178. Calculate the remainder when 87 is divided by u.
23
Let s(t) = 4*t**2 - 32*t + 1. Suppose 2 - 26 = -3*b. Let v = -3 - -5. What is the remainder when v is divided by s(b)?
0
Suppose 4*t + 16 = 0, -5*v + 3*t + 1633 + 459 = 0. Calculate the remainder when v is divided by 105.
101
Suppose -221*q + 246*q = 1250. Let r = 16 - -8. Suppose -28 = -4*l + r. What is the remainder when q is divided by l?
11
What is the remainder when 10 is divided by (-28)/(-12)*3/1?
3
Let b = -39 - -110. Let a = b - 46. What is the remainder when 98 is divided by a?
23
Let t be 22*((-9)/(-2) - 4). Suppose t*c - 207 = -53. What is the remainder when 39 is divided by c?
11
Let r = 13 + -9. Let t be 21/(-28) + 11/4. Suppose l + t*l - 21 = 0. Calculate the remainder when l is divided by r.
3
Suppose 5*i - 50 = -3*r, 0*r = 2*r. Suppose 37 = x - 12. Calculate the remainder when x is divided by i.
9
Let n = -14 + 21. Suppose 4*l - 276 = -4*j, 0 = 5*j + n + 3. Suppose 0 = o - l + 7. What is the remainder when o is divided by 33?
31
Let m(o) = -55*o**3 + o**2 - o - 2. Let w be m(-1). Let i = w + -16. Calculate the remainder when i is divided by (14/(-3))/(1/(-3)).
11
Suppose -3*d - 5 = -8*d. Let l be (d + 0)*(-65)/(-5). Calculate the remainder when l/(2 + (-36)/20) is divided by 22.
21
Let a = -20 + 48. Suppose 2*i = 5*t - 2*i - a, -5*i = -2*t + 1. What is the remainder when t is divided by 3?
2
Calculate the remainder when (-59 - -23)/((-9)/60) is divided by 63.
51
Suppose -16 = -4*k + 4*r, 3*k - 3*r - 2*r = 14. Suppose -2*c = -1 + k, -c = 3*s - 398. Calculate the remainder when s is divided by 45.
43
Suppose 0 = 156*d - 159*d + 744. Suppose 5*r + d = -2*u + 1529, 0 = 4*r + 2*u - 1024. What is the remainder when r is divided by 52?
49
Let v(b) = 2*b**2 + 9*b + 44. Calculate the remainder when 69 is divided by v(-4).
29
Let d be (6/18)/((-2)/6). Let b be 0 + (-2)/d - 4. Calculate the remainder when 113 is divided by b/((-4)/38) + 4.
21
Suppose 7*x - 2*x = 10. Suppose 104 = x*a - 28. Suppose -6*o + a = -0*o. Calculate the remainder when 30 is divided by o.
8
Suppose 5*p - 5*t + 9 = 2*p, 15 = 3*p + 3*t. Suppose 3*m + 297 = 8*m - p*a, -5*a = m - 81. Let c = 102 - m. Calculate the remainder when c is divided by 11.
8
Let h be ((-81)/6)/((-3)/(-4)). What is the remainder when (5 - 6)*h/2 is divided by 4?
1
Suppose 7 = -11*a + 106. Calculate the remainder when 128 is divided by a.
2
Let m(j) = -13*j + 83. Suppose -2*n + 3*w = 6, 0 = -4*w + 9 + 7. Calculate the remainder when m(-3) is divided by 188/6 + n/(-9).
29
Let a = 8 - 3. Let b(c) = c**3 + c**2 - 16*c - 6. Calculate the remainder when b(a) is divided by 14.
8
Let t(d) = d**3 + 19*d**2 + 6. Let l be t(-19). What is the remainder when 29 is divided by l/27 - ((-426)/27 - 0)?
13
Calculate the remainder when 54/(-12)*(-474)/(-18)*-2 is divided by 16.
13
Suppose -i - 5*r = 7, 2 = -r - 0. Suppose 0 = -i*a + 139 - 115. Let m(j) = -8*j - 3. Calculate the remainder when m(-4) is divided by a.
5
Let v(p) = p**3 + 31*p**2 + p + 86. What is the remainder when 105 is divided by v(-31)?
50
Let d(o) = 2*o**3 + o**2 - 7*o + 2. Let p be d(-4). Let l = p - -94. Calculate the remainder when 34 is divided by l.
10
Let x(h) = 65*h**2 + 2*h + 2. What is the remainder when x(-1) is divided by 27?
11
Suppose -4*o + 58 = q, -2*q + 6*q = 5*o - 62. What is the remainder when 107 is divided by o?
9
Let g = 6 - -4. Suppose -g*x + 150 = -5*x. Calculate the remainder when x is divided by 8.
6
Let j = 40 - 37. Suppose 2*q - 109 = j*d, -q = q + 4*d - 74. What is the remainder when q is divided by 17?
13
Suppose -4*c - 120 = -8*c. Let b(i) = 127*i - 2333. Calculate the remainder when b(20) is divided by c.
27
Let z(r) = -r**3 + 18*r**2 - 14*r + 18. Suppose 0 = c + 2*c - 42. Calculate the remainder when z(17) is divided by c.
13
Suppose -5*d = -4*b + b - 12, -3*d + 2*b = -7. Suppose -4*n = -c + 9, 90 = 4*c + d*n - n. Calculate the remainder when 60 is divided by c.
18
Suppose 9 - 6 = t. Suppose 15 = t*i - 21. Calculate the remainder when 34 is divided by i.
10
Let d(l) = 2*l**3 - 9*l**2 + 2*l + 10. Let c be d(6). Let x = c + -55. Calculate the remainder when x is divided by 26.
23
Suppose b + 12 = 3*m, 0 = 2*b - 4*b - 6. Suppose -3*y + 1 = -2, -m*y = 3*t - 267. What is the remainder when t is divided by 9?
7
Let a(s) = s**3 + 10*s**2 - 24*s + 18. Let i be a(-12). Suppose -22*u + 356 = -i*u. Calculate the remainder when u is divided by 15.
14
Let y(a) = -a + 274. What is the remainder when y(5) is divided by 16?
13
Suppose -35*a + 33*a + 18 = 0. Suppose -w + a = 2*s, 28 = 4*w + 5*s - 23. Calculate the remainder when 75 is divided by w.
18
Let x = 256 + -248. Calculate the remainder when 366 is divided by x.
6
Let p be (-219)/(-21) - (-6)/(-14). Let m be 28/(-2)*5/p. Let w = 21 + m. What is the remainder when 55 is divided by w?
13
Let x(b) be the third derivative of b**5/60 - b**4/6 - 16*b**3/3 - 5*b**2. What is the remainder when x(11) is divided by 8?
5
Let z(l) = l**3 + 4*l**2 - 5. Let g be z(-4). Suppose -m - 2*k = -16 - 5, 2*k + 45 = 5*m. Let d = m + g. Calculate the remainder when 9 is divided by d.
3
Let m(f) = f**3 + 5*f**2 - 11*f + 7. Suppose 32*x - 34*x = 12. Suppose l = 4*l - 30. What is the remainder when m(x) is divided by l?
7
Let d = 29 - -16. What is the remainder when 162/d + (-3)/5 is divided by 2?
1
Suppose 0 = 5*n + 4*n + 72. Calculate the remainder when -4 - (0 + n) - -73 - 3 is divided by 38.
36
Suppose 9*g - 71 - 19 = 0. Suppose -12 = -g*m + 6*m. What is the remainder when m is divided by 3?
0
Suppose -4*m = 40 - 56. What is the remainder when m is divided by 2?
0
Let q(v) = 3*v**2 - 4*v - 7. What is the remainder when q(-3) is divided by 21?
11
Calculate the remainder when 9/(-18)*20*(-3)/1 is divided by 16.
14
Suppose 0 = -23*j + 24*j - 84. What is the remainder when 249 is divided by j?
81
Let k = 7 - -50. Calculate the remainder when 187 is divided by k.
16
What is the remainder when (-8129)/(-11) - (-3 + 9) is divided by 8?
5
Let p(w) = w**3 + 17*w**2 - 58*w + 50. Let s be p(-20). Let u = 85 + -57. Suppose u = f - s. What is the remainder when f is divided by 10?
8
Let f(c) = 3*c**2 - 4*c. Suppose 7*p - 12 = 16. What is the remainder when f(3) is divided by (2/(-4))/(p/(-48))?
3
Let t(x) = -82*x - 482. Calculate the remainder when t(-13) is divided by 98.
94
Let i(b) = -b + 4. Let l = 5 - 1. Let q be i(l). Suppose 8 = u - q*u + 3*f, 3*u = 2*f + 79. Calculate the remainder when u is divided by 5.
3
Suppose 0 = 2*x - 5*x + 9. Let n(f) = 2*f**3 - 5*f**2 + 4*f + 1. What is the